e -4*v = -2*a - h, 2*v - 2*a - 12 = 2*a. Suppose 556 - 66 = 7*n. What is the greatest common factor of n and v?
10
Let r be ((-56)/(-10))/(1*(-3)/(-15)). Calculate the highest common divisor of r and 21.
7
Let o = 65 + -64. Suppose 0 = -3*u + 3*s + 15, 2*u - 3 = s + 4. Calculate the highest common divisor of o and u.
1
Suppose -3*r - m + 51 = 0, r - 4*r - 3*m = -57. What is the highest common divisor of 40 and r?
8
Let i = -138 - -161. Calculate the highest common factor of i and 69.
23
Suppose 0 = -v - 3*v + 660. What is the highest common divisor of v and 15?
15
Let z = -40 - -68. Let u = 5 + -5. Suppose 4*l = 4*i - 20, 3*i + 3*l - 2*l - 23 = u. What is the highest common divisor of i and z?
7
Let y(k) = -4*k**2 - 3*k + 3. Let x be y(-3). Let g be (-100)/3*x/20. What is the greatest common divisor of g and 60?
20
Let t be (-12)/16 - 70/(-8). Calculate the highest common divisor of t and 24.
8
Suppose -2*q + r = -3*r - 40, -25 = -4*q - 3*r. What is the greatest common factor of 70 and q?
10
Suppose 10*f = 5*f + 3395. Suppose -w = -6*w - 5*x + 905, f = 4*w - 5*x. What is the highest common factor of 22 and w?
22
Let l = 55 + -48. Suppose -4*r - 8 + 22 = -2*n, 2*r - 17 = 3*n. Calculate the highest common divisor of r and l.
1
Suppose -3*z + 2 = -4. Suppose -40 = -4*j - 4*b, 5*j = 2*j - z*b + 25. Let p be (-2)/1 - (-114)/2. Calculate the highest common divisor of j and p.
5
Let h be (-1)/(-3) - 1091/(-3). Let i = -252 + h. Let u = -243 + 257. Calculate the highest common factor of u and i.
14
Let i be (-36)/12 + 1/(2/60). Calculate the greatest common divisor of i and 54.
27
Let v = 23 + -16. Suppose -f + v = 2. Let y be (1*-7)/((-3)/15). Calculate the greatest common divisor of f and y.
5
Suppose -3*l + 5*l + 62 = 0. Let g = l - -43. Let q = 100 - -32. What is the highest common divisor of g and q?
12
Suppose -6*b = -537 + 141. What is the highest common factor of 33 and b?
33
Let l be (-2)/6 - (-104)/6. Suppose -l = -b + 3. Calculate the highest common divisor of b and 50.
10
Let p(t) = -t**2 + 24*t - 31. Let d be p(22). Calculate the highest common divisor of d and 65.
13
Let a = -19 + 28. What is the greatest common divisor of 72 and a?
9
Let u be (2*(1 + 0))/1 + 8. What is the greatest common divisor of u and 90?
10
Let q = 9 + 10. Suppose 10*p + 855 = 15*p. Calculate the greatest common factor of q and p.
19
Let i(p) = -7*p + 6. Let z be i(-2). Calculate the greatest common divisor of 160 and z.
20
Let o = 2 - 6. Let z be (o/3)/((-4)/6). Suppose c = z - 0. Calculate the highest common divisor of 1 and c.
1
Suppose -2*i + 3 = 9. Let q be ((-18)/i)/((-3)/(-2)). Let n be q/(-18) - 60/(-27). Calculate the highest common divisor of 12 and n.
2
Suppose -4*c + 7*c - 2*o = 38, 0 = -c - 2*o + 2. Suppose 2*s = s + 88. Let u be (s - -1) + -1 + 2. What is the greatest common factor of u and c?
10
Suppose -3*c + 0*c + 39 = 3*n, -5*n = 2*c - 20. What is the highest common divisor of c and 75?
15
Let o = -19 + 21. Suppose 3*t - 4 = -1. Calculate the highest common divisor of t and o.
1
Suppose -4 = -4*i - 12. Let c be (0 + 2)*(-4 - i). Let f(h) = -2*h + 4. Let k be f(c). Calculate the greatest common factor of 84 and k.
12
Suppose 2*k + x = 9, -2*k + x = -x + 6. Suppose k*p - 2*v = 89 - 7, 152 = 4*p + 2*v. Calculate the greatest common divisor of 13 and p.
13
Let s(r) = -r**3 - 12*r**2 - 25*r - 44. Let i be s(-10). What is the highest common factor of i and 39?
3
Let c(v) be the first derivative of v**2/2 + 7*v - 1. Let s be c(-5). Let o be (3/s)/((-12)/(-80)). What is the highest common divisor of 40 and o?
10
Let n = 3 - 5. Let s = 2 - 0. Let y be n + 41 - (s - 2). Calculate the greatest common divisor of y and 26.
13
Let p(q) = -q**3 - q**2 - q. Let z(j) = -4*j**3 + 2*j**2 - 6*j - 6. Let y(a) = -5*p(a) + z(a). Let b be y(-5). Calculate the greatest common divisor of b and 7.
7
Suppose -4*z + 2 - 6 = 0, 0 = 4*y + z - 751. What is the greatest common divisor of 47 and y?
47
Let n be ((-6)/(-7))/((-2)/(-252)). What is the greatest common divisor of 12 and n?
12
Let l be (-1076)/(-7) + (84/(-49))/(-6). What is the greatest common factor of 14 and l?
14
Let o = -62 + 102. Let c(u) = u**3 + 7*u**2 + 4*u - 7. Let x be (27/6)/((-6)/8). Let d be c(x). Calculate the highest common divisor of o and d.
5
Let s be ((-5)/(-15))/((-1)/6) + 162. Calculate the greatest common factor of s and 20.
20
Let h be (-45)/(-3)*(-2 + 3). What is the highest common divisor of h and 3?
3
Let y(a) = -a**3 + 3*a**2 + 2*a. Suppose -5*f - 2*d = -21, 4*d - 19 = -7. Let s be y(f). Calculate the highest common factor of 18 and s.
6
Suppose 3*i - 130 = -5*g, -4*i = i + 2*g - 204. Calculate the greatest common factor of i and 8.
8
Let s(b) be the first derivative of 2 - 1/4*b**4 - 5/3*b**3 + 5*b - 2*b**2. Let f be s(-5). What is the greatest common factor of 5 and f?
5
Let s = 24 + -17. Let o = 145 + -96. Calculate the highest common divisor of s and o.
7
Let m be 1*(-5 + (-2 - -5)). Let t be m/(-4)*4*13. Let p = -18 + t. Calculate the greatest common divisor of 2 and p.
2
Let a = 4 - 2. Let t = -4 + 35. Suppose -a*b + t = -9. Calculate the greatest common divisor of b and 8.
4
Let z = 9 - -12. Calculate the greatest common factor of 63 and z.
21
Suppose -15*v + 255 = -345. What is the greatest common divisor of v and 5?
5
Suppose -3*q - 13 = 4*s - 3, -3*q - 3*s = 6. What is the greatest common factor of q and 2?
2
Let i(t) = t - 4. Let g be i(6). Let a be (-9)/(-2) - (-1)/g. Calculate the greatest common factor of 5 and a.
5
Let y(m) = 48*m - 16. Let v(u) = 16*u - 5. Let h(q) = -7*v(q) + 2*y(q). Let o be h(-2). Calculate the greatest common divisor of o and 7.
7
Let j(t) = -6*t - 1. Let o be (-1)/2 - 12/8. Let q be j(o). Calculate the greatest common divisor of 121 and q.
11
Suppose -16*k + 12*k = -4*b + 64, 5*k + 61 = 4*b. Let s be (6/(-8))/((-3)/648). Let h = s - 105. What is the greatest common divisor of h and b?
19
Suppose 4*w - 4*c = c + 225, 0 = 4*w + 3*c - 217. Calculate the greatest common factor of w and 5.
5
Suppose 4*j - 24 = 76. Let r = 15 + -12. Suppose -4*i + 5 = -r*i. What is the highest common factor of j and i?
5
Suppose 0*z + 5*w - 55 = -3*z, -15 = -4*z + 5*w. Let a = -3 - -7. What is the highest common factor of z and a?
2
Let i be (-564)/(-42) - 8/(-14). Calculate the greatest common factor of i and 21.
7
Suppose 5*n = -20, -19 - 44 = -5*y - 3*n. What is the greatest common factor of 75 and y?
15
Suppose 0 = 4*b - 12 - 60. Let h be (15 - -12)/(3/10). What is the highest common divisor of b and h?
18
Suppose -3*o = 4*q - 4, 5*q - 2*o - 24 = -o. What is the highest common divisor of q and 36?
4
Let t be 6/(-27) - (-292)/18. Suppose t = 3*y - 5. What is the highest common divisor of y and 35?
7
Suppose b - 190 = -4*b. Calculate the highest common divisor of b and 95.
19
Suppose 3*i = -h + 67, 0 = 3*h - i + 2*i - 209. Calculate the greatest common divisor of 14 and h.
14
Let r = -34 - -19. Let a = r - -22. Let o = 57 + -29. Calculate the highest common divisor of o and a.
7
Let r be ((-2)/(-2) - -2) + (-13)/(-1). Calculate the highest common divisor of 32 and r.
16
Suppose -2*r + 3*y = -75, -3*y - 7 + 4 = 0. Let h = r - 18. What is the highest common divisor of 27 and h?
9
Suppose 64 = -5*g - 2*k, 0 = -2*g + 3*k - 11 - 7. Let r = 18 - g. What is the highest common divisor of 6 and r?
6
Suppose -3*k = -3*m - 0*k + 39, -4*m + 52 = -k. Calculate the greatest common divisor of m and 26.
13
Suppose 0 = -2*u + 2*y + 2*y - 2, 5 = 3*u - 2*y. Let h = 12 - u. Calculate the highest common divisor of 9 and h.
9
Let o(u) = u**2 + 3*u - 18. Let p be o(6). Calculate the highest common factor of p and 16.
4
Let t(x) = -x**2 - 7*x + 8. Let i be t(-7). What is the greatest common factor of 72 and i?
8
Let c be (-16)/6*-3*9. Let u be ((-12)/(-4))/((-4)/(-24)). Calculate the greatest common factor of u and c.
18
Let x(w) = -11*w**3 - w**2 - 3*w + 2. Let r be x(2). Let y = r + 135. Let m = -15 + y. What is the greatest common divisor of m and 3?
3
Let v(r) = -48*r + 2. Let w be v(-1). What is the highest common factor of 10 and w?
10
Let p(a) = -a**3 - 7*a**2 + a + 10. Let r be p(-7). Suppose -r*j - 6 = -j. Let n = 13 + j. What is the greatest common divisor of n and 2?
2
Suppose 0 = -2